6 is divided by 10/n - 64/(-11).
4
What is the remainder when -5 + -3 + (103 - 6) is divided by 13?
11
Let b(w) = 2*w**3 - w**2 - 6*w - 5. Suppose -5*a = -20, -2*q - q + 166 = -5*a. What is the remainder when q is divided by b(3)?
18
Suppose 0 = -5*i + n + 11, -19 = -5*i - 0*i - n. Let g = -9 - -15. Calculate the remainder when 3/(i + (-70)/25) is divided by g.
3
Let f(d) = 12*d + 45. Let h(y) = 12*y + 46. Let l(m) = -5*f(m) + 4*h(m). Suppose -54 = 5*i - 359. What is the remainder when i is divided by l(-6)?
30
Let t = 10 + -28. Calculate the remainder when 3 is divided by t/(-36) + (-1)/(-2).
0
Suppose -5*k - 6*t + 195 = -t, 3*k - 99 = 3*t. Let g = 34 - 15. What is the remainder when k is divided by g?
17
Let p = -39 - -44. Suppose 13 = 2*y - 3. What is the remainder when y is divided by p?
3
Suppose -90*x + 19*x = -72278. What is the remainder when x is divided by 102?
100
Let n be 14/8 - 110/(-88). Suppose -2*a - 2*x + 13 = -3, 4*a - n*x = 32. What is the remainder when 77 is divided by a?
5
Let g(q) = -2*q**3 - q**2 - 10*q - 18. Calculate the remainder when 278 is divided by g(-3).
50
Suppose 3*p = 645 + 24. Suppose 119 = 2*t - 2*m - 3*m, -5*m - p = -4*t. What is the remainder when 103 is divided by t?
51
Suppose -1292 - 10 = -93*k. Calculate the remainder when 126 is divided by k.
0
Let t(s) = -139*s - 1792. Suppose -38 = -2*n + 166. What is the remainder when n is divided by t(-13)?
12
Let b(z) be the second derivative of z**4/12 + z**3/2 - z**2/2 - z. Suppose 3*l - 34 = p, 3*p + 20 = l - 2. What is the remainder when l is divided by b(-4)?
1
Suppose -5*o + 128 = 4*g - 434, 4*g + 2*o = 556. Suppose 2*n + 70 = h, -2*h + 4*n = -n - g. Calculate the remainder when h is divided by 19.
17
Let s be 10/(-2) - (5 - 2). Let u(h) = -3*h - 6. Let q be u(s). Let k = q + -7. What is the remainder when 43 is divided by k?
10
Let r(g) = 3*g + 34. Calculate the remainder when 26 is divided by r(-6).
10
Let f = -19 - -24. Suppose -o = 4*o - 5*r, -2*o + f*r = 9. Calculate the remainder when (45/12)/(3/8) is divided by o.
1
Suppose 8*f + 88 = 344. Calculate the remainder when f is divided by 25.
7
Suppose 3*q - h - 570 = -73, 0 = q - h - 167. What is the remainder when q is divided by 42?
39
Calculate the remainder when 385 is divided by 9/(-15) + 354/15.
17
Let d(x) = x**3 - 11*x**2 - 10*x + 1. Let z = -9 - -16. Calculate the remainder when d(12) is divided by z.
4
Suppose -f + 543 = 5*i, 0 = -3*i + 3*f + f + 335. Let m = -91 + i. What is the remainder when 87 is divided by m?
15
Suppose p = -5*j + 113, -7*j + 94 = -3*j - p. Let q(z) = -8*z. Let k be q(1). Calculate the remainder when j is divided by (-3)/((0 - -2)/k).
11
Let v(o) = 28*o**2 + 24*o**2 + 3 - 50*o**2 + 0*o + 3*o. What is the remainder when 135 is divided by v(-4)?
20
Let h(a) = a**3 + 6*a**2 + 6*a + 5. Let c = -43 - 14. Calculate the remainder when c/15*(2 + -12) is divided by h(-4).
12
What is the remainder when (-62)/(-8) - 2/(-8) is divided by 0/(-24) - (-3 - 3/3)?
0
Let b be (-2)/(-9) + (-25)/(-9) + -3. Suppose 10*y - 795 - 1875 = b. Calculate the remainder when y is divided by 54.
51
Suppose 2*w - 5 = -q, 0 = -5*w + q + 16. Suppose -w*i + 88 = 4*p, p + 116 = 4*i + 6*p. What is the remainder when i is divided by 5?
4
What is the remainder when (1 - (-4)/(-3)) + 2665/39 is divided by 8?
4
Suppose -469 - 1219 = -4*f. Calculate the remainder when f is divided by 53.
51
Let v = 36 - -21. Calculate the remainder when v is divided by (15/6)/((-1)/(-6)).
12
What is the remainder when 33 is divided by 8/(-72)*(-27)/3 + 32?
0
Suppose 0 = -3*o + 48 - 15. Suppose 18*k = -18 + 342. Calculate the remainder when k is divided by o.
7
Suppose 3*v - j = 55, 0*j + 25 = 2*v - 3*j. Let d = 29 - v. Calculate the remainder when 26 is divided by d.
8
What is the remainder when 486 is divided by 4/6*1*(-1155)/(-22)?
31
Let m = -2392 - -2413. Calculate the remainder when 725 is divided by m.
11
Suppose 0*a - 6 = a. Let k(y) = 5*y**2 + 12*y - 8. Let r be k(a). Calculate the remainder when (0 + -1)*r/(-4) is divided by 7.
4
Let z = 872 - 834. What is the remainder when z is divided by 10?
8
Let o(w) = 13*w + 17. Let p be 4/(-8) - (-202)/4. Suppose 0 = -3*r + 15, 5*v + 6*r - p = 3*r. What is the remainder when v is divided by o(-1)?
3
Suppose 4*w - 93 = -m, 4*w + 8 = 5*m + 119. Let v = 39 - w. Suppose -n + v = -7. What is the remainder when 84 is divided by n?
18
Let q(l) = 2*l + 6. Let p be q(-4). Suppose -2*w - 29 = -5. Calculate the remainder when 44 is divided by ((-10)/(-4))/(p/w).
14
Let j(r) = -r - 60. Let z be 4/30 + (-2)/15. Let p be j(z). What is the remainder when 11 is divided by (p/16*-4)/3?
1
Suppose -2*x + 6 = 0, 0*u + x = -2*u + 3. Suppose u = 5*k - 0*k - 25. Let r(t) = -t**3 + 6*t**2 - 7*t + 5. Calculate the remainder when r(4) is divided by k.
4
Calculate the remainder when 6*(5168/24 + 12) is divided by 76.
72
Suppose -340*t + 347*t - 1449 = 0. Calculate the remainder when 623 is divided by t.
2
Let s = 76 - 75. Calculate the remainder when 38 is divided by (s/(-4))/((-1)/(-6))*-14.
17
Let c(u) = -90*u - 217. What is the remainder when c(-11) is divided by 97?
94
Let x = 71 + -59. Calculate the remainder when x/(-24)*(-101 + 1) is divided by 13.
11
Suppose 30*i + 1423 = 10573. Calculate the remainder when i is divided by 14.
11
Suppose -5*y + 3*a + 328 = 0, -y + 46 = a - 18. Calculate the remainder when 259 is divided by y.
64
Let z(a) = -a**2 - 19*a + 36. Calculate the remainder when 41 is divided by z(-19).
5
Let l(v) = -7*v**2 + 6*v + 7. Let i be l(-3). Let y = i + 103. Calculate the remainder when 115 is divided by y.
28
Suppose 4*z + 1140 = -4*m, 4*m + 3*z - 873 = 7*m. What is the remainder when (m/(-54))/(4/6) is divided by 3?
2
Suppose -2186 = -33*v + 91. What is the remainder when 479 is divided by v?
65
Suppose 7*i - 371 = -84. Calculate the remainder when 201 is divided by i.
37
Suppose -381 = -13*k - 69. Calculate the remainder when 211 is divided by k.
19
Let k(v) = -2*v**3 - 2*v**2 + 2*v. Let f be k(-2). Suppose 5*u - f*l = 504, -2*u - 3*l - 103 = -3*u. Calculate the remainder when u is divided by 26.
22
Let l(c) = c**3 - 5*c**2 + 3*c - 1. Let n(i) = -i**3 - 3*i**2 - i + 2. Let q be n(-3). What is the remainder when 37 is divided by l(q)?
9
Let n be 20/(1 + 6/(-10)). Let f = n + -4. Let c(t) = 5*t**2 + 3*t - 2. What is the remainder when f is divided by c(2)?
22
Suppose 0 = 19*u - 95 - 114. What is the remainder when 87 is divided by u?
10
Suppose -3*k - 90 = s - 3*s, 2*s - 86 = 5*k. What is the remainder when 161 is divided by s?
17
Calculate the remainder when 41 is divided by 11/(4/(-4)*-1).
8
Let r be 21*1 - 2 - (11 - 9). Suppose 0 = -16*n + r*n - 66. Calculate the remainder when n is divided by 14.
10
Let k(s) = 15*s - 3. Let a(b) = 4*b - 1. Let i(v) = -22*a(v) + 6*k(v). Let y be i(-2). What is the remainder when 81 is divided by y + -3 + 33 - 2?
25
Let t = 22 + -20. Suppose 5 = 7*g - t. Calculate the remainder when 7 is divided by g.
0
What is the remainder when 484 is divided by ((-45)/(-10))/(6 + (-140)/24)?
25
Let n(l) = l**3 - 7*l**2 + 7*l - 15. Calculate the remainder when n(7) is divided by 22.
12
Let l = 2333 - 2326. What is the remainder when 265 is divided by l?
6
Let y(d) = 84*d**3 + 2*d**2 + d - 2. Let v be y(1). Suppose 7*a - 41 - v = 0. Calculate the remainder when 48 is divided by a.
12
Suppose 2*h - h - 751 = -4*n, 3*n = 4*h + 568. What is the remainder when n is divided by 49?
41
Let x(p) = p**2 + p + 6. Let k be x(-5). Let f = k - 11. Suppose -4*q - 54 = -10*q. Calculate the remainder when f is divided by q.
6
Let f = 5392 + -5380. Let y = 14 - -8. Suppose -w + 2*w = y. Calculate the remainder when w is divided by f.
10
Let m(j) = -j - 5. Let a be m(3). Let g(o) = o**2 + 10*o + 2. Let t be g(a). Calculate the remainder when (3 + -5)/(4/t) is divided by 5.
2
Let k(y) = y + 20. Let n = 2 - 14. Calculate the remainder when (-6)/(-8) + (-207)/n is divided by k(-9).
7
Let m(s) = 4*s - 5. Suppose -13 - 2 = -3*z. Suppose -2*h = -2*r - 52, -2*h - 5*r = -70 - 3. What is the remainder when h is divided by m(z)?
14
Suppose 0 = -5*w - 5*k + 735, w = -0*w + 5*k + 147. Suppose 0 = -4*f - 7 + w. Calculate the remainder when f is divided by 12.
11
Suppose 0 = -2*t + 27 + 